he prime factors of 18912.
2, 3, 197
What are the prime factors of 109951?
43, 2557
List the prime factors of 38483.
29, 1327
What are the prime factors of 3389?
3389
What are the prime factors of 5446?
2, 7, 389
What are the prime factors of 2887?
2887
List the prime factors of 4517.
4517
List the prime factors of 2864.
2, 179
What are the prime factors of 31401?
3, 1163
List the prime factors of 535.
5, 107
List the prime factors of 19701.
3, 11, 199
List the prime factors of 23733.
3, 293
List the prime factors of 70542.
2, 3, 3919
List the prime factors of 50917.
59, 863
What are the prime factors of 15024?
2, 3, 313
What are the prime factors of 33104?
2, 2069
List the prime factors of 2075.
5, 83
What are the prime factors of 535?
5, 107
What are the prime factors of 2454?
2, 3, 409
What are the prime factors of 27184?
2, 1699
What are the prime factors of 2058?
2, 3, 7
List the prime factors of 10772.
2, 2693
What are the prime factors of 26668?
2, 59, 113
What are the prime factors of 54686?
2, 37, 739
What are the prime factors of 1129?
1129
List the prime factors of 12721.
12721
List the prime factors of 86012.
2, 21503
What are the prime factors of 1255?
5, 251
What are the prime factors of 8582?
2, 7, 613
What are the prime factors of 38988?
2, 3, 19
What are the prime factors of 4039?
7, 577
List the prime factors of 67634.
2, 7, 4831
List the prime factors of 48948.
2, 3, 4079
What are the prime factors of 64137?
3, 21379
What are the prime factors of 1531?
1531
List the prime factors of 14001.
3, 13, 359
List the prime factors of 2941.
17, 173
List the prime factors of 3883.
11, 353
What are the prime factors of 1853?
17, 109
List the prime factors of 12745.
5, 2549
List the prime factors of 2616.
2, 3, 109
What are the prime factors of 65412?
2, 3, 23, 79
What are the prime factors of 24885?
3, 5, 7, 79
What are the prime factors of 1445?
5, 17
List the prime factors of 75251.
11, 6841
What are the prime factors of 10602?
2, 3, 19, 31
What are the prime factors of 8922?
2, 3, 1487
List the prime factors of 28665.
3, 5, 7, 13
List the prime factors of 13811.
7, 1973
What are the prime factors of 22932?
2, 3, 7, 13
List the prime factors of 70479.
3, 41, 191
List the prime factors of 521.
521
List the prime factors of 1494.
2, 3, 83
List the prime factors of 6934.
2, 3467
List the prime factors of 7900.
2, 5, 79
List the prime factors of 1628.
2, 11, 37
List the prime factors of 2555.
5, 7, 73
What are the prime factors of 1169?
7, 167
List the prime factors of 3751.
11, 31
List the prime factors of 57693.
3, 19231
What are the prime factors of 938?
2, 7, 67
What are the prime factors of 112?
2, 7
List the prime factors of 34695.
3, 5, 257
What are the prime factors of 2159?
17, 127
What are the prime factors of 1504?
2, 47
List the prime factors of 170389.
170389
List the prime factors of 7911.
3, 293
What are the prime factors of 7495?
5, 1499
List the prime factors of 46083.
3, 15361
List the prime factors of 86120.
2, 5, 2153
List the prime factors of 367.
367
List the prime factors of 9978.
2, 3, 1663
What are the prime factors of 300?
2, 3, 5
List the prime factors of 2809.
53
List the prime factors of 27576.
2, 3, 383
List the prime factors of 6524.
2, 7, 233
List the prime factors of 4054.
2, 2027
List the prime factors of 102667.
102667
List the prime factors of 663.
3, 13, 17
What are the prime factors of 9769?
9769
What are the prime factors of 470?
2, 5, 47
List the prime factors of 15629.
15629
What are the prime factors of 116987?
13, 8999
List the prime factors of 1654.
2, 827
List the prime factors of 821.
821
List the prime factors of 1454.
2, 727
What are the prime factors of 15079?
17, 887
List the prime factors of 5406.
2, 3, 17, 53
What are the prime factors of 36216?
2, 3, 503
What are the prime factors of 18765?
3, 5, 139
What are the prime factors of 52?
2, 13
List the prime factors of 1408.
2, 11
What are the prime factors of 38848?
2, 607
List the prime factors of 20149.
20149
List the prime factors of 953.
953
What are the prime factors of 223?
223
What are the prime factors of 82083?
3, 27361
List the prime factors of 2654.
2, 1327
List the prime factors of 126495.
3, 5, 937
List the prime factors of 73506.
2, 3, 12251
What are the prime factors of 80?
2, 5
What are the prime factors of 59322?
2, 3, 9887
What are the prime factors of 509?
509
List the prime factors of 19129.
11, 37, 47
What are the prime factors of 8559?
3, 317
List the prime factors of 52030.
2, 5, 11, 43
List the prime factors of 29851.
29851
List the prime factors of 2901.
3, 967
List the prime factors of 605.
5, 11
List the prime factors of 54123.
3, 18041
List the prime factors of 6263.
6263
What are the prime factors of 6936?
2, 3, 17
List the prime factors of 63236.
2, 15809
What are the prime factors of 4815?
3, 5, 107
What are the prime factors of 1435?
5, 7, 41
List the prime factors of 9.
3
What are the prime factors of 2378?
2, 29, 41
List the prime factors of 49401.
3, 11, 499
What are the prime factors of 32584?
2, 4073
What are the prime factors of 52797?
3, 17599
What are the prime factors of 27459?
3, 113
What are the prime factors of 4943?
4943
What are the prime factors of 1615?
5, 17, 19
What are the prime factors of 24514?
2, 7, 17, 103
What are the prime factors of 7545?
3, 5, 503
What are the prime factors of 47016?
2, 3, 653
List the prime factors of 30757.
30757
List the prime factors of 6074.
2, 3037
List the prime factors of 2706.
2, 3, 11, 41
List the prime factors of 276.
2, 3, 23
What are the prime factors of 199?
199
List the prime factors of 20866.
2, 10433
List the prime factors of 2874.
2, 3, 479
List the prime factors of 1523.
1523
List the prime factors of 10045.
5, 7, 41
What are the prime factors of 3817?
11, 347
What are the prime factors of 1646?
2, 823
What are the prime factors of 621?
3, 23
List the prime factors of 247.
13, 19
What are the prime factors of 1140?
2, 3, 5, 19
List the prime factors of 62365.
5, 12473
List the prime factors of 5241.
3, 1747
List the prime factors of 2990.
2, 5, 13, 23
List the prime factors of 21135.
3, 5, 1409
What are the prime factors of 4134?
2, 3, 13, 53
What are the prime factors of 52234?
2, 7, 13, 41
What are the prime factors of 7933?
7933
What are the prime factors of 224?
2, 7
List the prime factors of 81407.
127, 641
List the prime factors of 1014.
2, 3, 13
What are the prime factors of 8496?
2, 3, 59
List the prime factors of 1443.
3, 13, 37
What are the prime factors of 8440?
2, 5, 211
What are the prime factors of 52917?
3, 31, 569
List the prime factors of 1282.
2, 641
What are the prime factors of 1106?
2, 7, 79
List the prime factors of 556.
2, 139
What are the prime factors of 623?
7, 89
What are the prime factors of 975?
3, 5, 13
List the prime factors of 44579.
44579
What are the prime factors of 2148?
2, 3, 179
List the prime factors of 751.
751
What are the prime factors of 61331?
61331
What are the prime factors of 16682?
2, 19, 439
What are the prime factors of 1056?
2, 3, 11
List the prime factors of 7546.
2, 7, 11
List the prime factors of 3013.
23, 131
What are the prime factors of 286?
2, 11, 13
List the prime factors of 908.
2, 227
List the prime factors of 3580.
2, 5, 179
What are the prime factors of 1366?
2, 683
What are the prime factors of 16320?
2, 3, 5, 17
List the prime factors of 288.
2, 3
List the prime factors of 166961.
199, 839
What are the prime factors of 1745?
5, 349
List the prime factors of 1428.
2, 3, 7, 17
List the prime factors of 100013.
103, 971
List the prime factors of 8256.
2, 3, 43
What are the prime factors of 2018?
2, 1009
What are the prime factors of 3904?
2, 61
What are the prime factors of 138402?
2, 3, 11, 233
What are the prime factors of 7992?
2, 3, 37
What are the prime factors of 84?
2, 3, 7
List the prime factors of 1298.
2, 11, 59
List the prime factors of 31238.
2, 15619
What are the prime factors of 45629?
103, 443
List the prime factors of 19397.
7, 17, 163
List the prime factors of 27287.
13, 2099
What are the prime factors of 4075?
5, 163
List the prime factors of 589.
19, 31
List the prime factors of 349.
349
What are the prime factors of 2004?
2, 3, 167
What are the prime factors o